{"id":268,"date":"2025-10-12T23:33:45","date_gmt":"2025-10-12T23:33:45","guid":{"rendered":"https:\/\/www.cvbarreiro.com\/?page_id=268"},"modified":"2025-10-12T23:41:21","modified_gmt":"2025-10-12T23:41:21","slug":"equipas-eropeu-juniors","status":"publish","type":"page","link":"https:\/\/www.cvbarreiro.com\/index.php\/equipas-eropeu-juniors\/","title":{"rendered":"4 Equipas Europeu Jr"},"content":{"rendered":"\t\t<div data-elementor-type=\"wp-page\" data-elementor-id=\"268\" class=\"elementor elementor-268\">\n\t\t\t\t<div class=\"elementor-element elementor-element-c6958c6 e-con-full e-flex wpr-particle-no wpr-jarallax-no wpr-parallax-no wpr-sticky-section-no wpr-equal-height-no e-con e-parent\" data-id=\"c6958c6\" data-element_type=\"container\" data-e-type=\"container\" data-settings=\"{&quot;background_background&quot;:&quot;classic&quot;}\">\n\t\t\t\t<\/div>\n\t\t<div class=\"elementor-element elementor-element-158b210 e-flex e-con-boxed wpr-particle-no wpr-jarallax-no wpr-parallax-no wpr-sticky-section-no wpr-equal-height-no e-con e-parent\" data-id=\"158b210\" data-element_type=\"container\" data-e-type=\"container\">\n\t\t\t\t\t<div class=\"e-con-inner\">\n\t\t<div class=\"elementor-element elementor-element-5f8db89 e-con-full e-flex wpr-particle-no wpr-jarallax-no wpr-parallax-no wpr-sticky-section-no wpr-equal-height-no e-con e-child\" data-id=\"5f8db89\" data-element_type=\"container\" data-e-type=\"container\">\n\t\t\t\t<div class=\"elementor-element elementor-element-542aa25 elementor-widget elementor-widget-image\" data-id=\"542aa25\" data-element_type=\"widget\" data-e-type=\"widget\" data-widget_type=\"image.default\">\n\t\t\t\t\t\t\t\t\t\t\t\t\t\t\t<img fetchpriority=\"high\" decoding=\"async\" width=\"800\" height=\"599\" src=\"https:\/\/www.cvbarreiro.com\/wp-content\/uploads\/2025\/10\/FOTO-TEAM-420-1024x767.webp\" class=\"attachment-large size-large wp-image-274\" alt=\"Clube de Vela do Barreiro\" srcset=\"https:\/\/www.cvbarreiro.com\/wp-content\/uploads\/2025\/10\/FOTO-TEAM-420-1024x767.webp 1024w, https:\/\/www.cvbarreiro.com\/wp-content\/uploads\/2025\/10\/FOTO-TEAM-420-300x225.webp 300w, https:\/\/www.cvbarreiro.com\/wp-content\/uploads\/2025\/10\/FOTO-TEAM-420-768x575.webp 768w, https:\/\/www.cvbarreiro.com\/wp-content\/uploads\/2025\/10\/FOTO-TEAM-420.webp 1225w\" sizes=\"(max-width: 800px) 100vw, 800px\" \/>\t\t\t\t\t\t\t\t\t\t\t\t\t\t\t<\/div>\n\t\t\t\t<\/div>\n\t\t<div class=\"elementor-element elementor-element-3801194 e-con-full e-flex wpr-particle-no wpr-jarallax-no wpr-parallax-no wpr-sticky-section-no wpr-equal-height-no e-con e-child\" data-id=\"3801194\" data-element_type=\"container\" data-e-type=\"container\">\n\t\t\t\t<div class=\"elementor-element elementor-element-0eaa050 elementor-widget elementor-widget-text-editor\" data-id=\"0eaa050\" data-element_type=\"widget\" data-e-type=\"widget\" data-widget_type=\"text-editor.default\">\n\t\t\t\t\t\t\t\t\t<p class=\"font_8 wixui-rich-text__text\"><strong><span class=\"wixui-rich-text__text\">CLUBE DE VELA\u00a0COLOCA\u00a0<\/span><span class=\"wixui-rich-text__text\">4 EQUIPAS NO\u00a0EUROPEU DE JUNIORES 420\u00a0<\/span><\/strong><\/p><p class=\"font_8 wixui-rich-text__text\"><br class=\"wixui-rich-text__text\" \/><span class=\"wixui-rich-text__text\">Jo\u00e3o Bolina|Rafel Rodrigues, Francisco Rodrigues|Tiago Alves, Gon\u00e7alo Barreto|Lucas Neves e Madalena Machada|Maria Sammut apuram-se para o Europeu de Juniores \u2013 classe 420<\/span><\/p>\t\t\t\t\t\t\t\t<\/div>\n\t\t\t\t<div class=\"elementor-element elementor-element-d8153b8 elementor-widget elementor-widget-image\" data-id=\"d8153b8\" data-element_type=\"widget\" data-e-type=\"widget\" data-widget_type=\"image.default\">\n\t\t\t\t\t\t\t\t\t\t\t\t\t\t\t<img decoding=\"async\" width=\"800\" height=\"599\" src=\"https:\/\/www.cvbarreiro.com\/wp-content\/uploads\/2025\/10\/FOTO-TEAM-420_2-1024x767.webp\" class=\"attachment-large size-large wp-image-275\" alt=\"Clube de Vela do Barreiro\" srcset=\"https:\/\/www.cvbarreiro.com\/wp-content\/uploads\/2025\/10\/FOTO-TEAM-420_2-1024x767.webp 1024w, https:\/\/www.cvbarreiro.com\/wp-content\/uploads\/2025\/10\/FOTO-TEAM-420_2-300x225.webp 300w, https:\/\/www.cvbarreiro.com\/wp-content\/uploads\/2025\/10\/FOTO-TEAM-420_2-768x575.webp 768w, https:\/\/www.cvbarreiro.com\/wp-content\/uploads\/2025\/10\/FOTO-TEAM-420_2.webp 1225w\" sizes=\"(max-width: 800px) 100vw, 800px\" \/>\t\t\t\t\t\t\t\t\t\t\t\t\t\t\t<\/div>\n\t\t\t\t<div class=\"elementor-element elementor-element-3f49290 elementor-widget elementor-widget-text-editor\" data-id=\"3f49290\" data-element_type=\"widget\" data-e-type=\"widget\" data-widget_type=\"text-editor.default\">\n\t\t\t\t\t\t\t\t\t<p class=\"font_8 wixui-rich-text__text\">\u00a0<\/p><p class=\"font_8 wixui-rich-text__text\">Ap\u00f3s a \u00faltima Prova de Apuramento e fechado o Ranking Nacional o Clube de Vela do Barreiro, apura para o Europeu de Juniores que se realiza de 3 a 11 de Julho em Sesimbra\u00a0\u00a04 equipas:<\/p><p class=\"font_8 wixui-rich-text__text\">\u00a0Jo\u00e3o Bolina e Rafael Rodrigues, Francisco Rodrigues e Tiago Alves, Gon\u00e7alo Barreto e Lucas Neves, Madalena Machado e Maria Sammut v\u00e3o representar Portugal no Europeu que se realiza no nosso Pa\u00eds.\u00a0<\/p><p class=\"font_8 wixui-rich-text__text\">Fica desta forma cumprido o objectivo proposto por todas as equipas, o apuramento para o Europeu de Juniores. De destacar que para al\u00e9m do Europeu, estas tripula\u00e7\u00f5es tamb\u00e9m conseguiram apurar-se para o Mundial absolutos e sub17 que se realiza em Newport nos Estados Unidos mas devido aos elevados custos de participa\u00e7\u00e3o nenhuma das equipas viajar\u00e1 para a Am\u00e9rica.\u00a0<\/p><p class=\"font_8 wixui-rich-text__text\">\u00a0<\/p><p class=\"font_8 wixui-rich-text__text\">Mais uma vez Parab\u00e9ns a todos pelos excelentes resultados!!! Mais um\u00a0\u00a0marco para o Clube e para esta Equipa que trabalhou imenso durante a \u00e9poca para atingir estes objectivos !!! Parab\u00e9ns ao treinador Pedro Bolina, pelo trabalho desenvolvido este ao ano e nos anos anteriores!!! Parab\u00e9ns \u00e1s dupla Ruben Semedo e Tom\u00e1s Mineiro que por serem seniores n\u00e3o foram apurados para este Campeonato mas\u00a0treinaram com dedica\u00e7\u00e3o, ajudaram a tornar a nossa equipa melhor, foram sem duvida uma mais valia nesta equipa, sem voc\u00eas n\u00e3o teria sido poss\u00edvel estes resultados.\u00a0\u00a0Agora \u00e9 continuar a trabalhar pois o Campeonato da Europa \u00e9 j\u00e1 no inicio de Julho !!!\u00a0\u00a0For\u00e7a CVB !!!\u00a0\u00a0\u00a0\u00a0<\/p><p class=\"font_8 wixui-rich-text__text\">\u00a0<\/p><p class=\"font_8 wixui-rich-text__text\">Mais informa\u00e7\u00e3o e fotos na nossa p\u00e1gina do facebook:<\/p><p class=\"font_8 wixui-rich-text__text\"><span class=\"wixui-rich-text__text\" style=\"color: #000000;\"><a class=\"wixui-rich-text__text\" style=\"color: #000000;\" href=\"https:\/\/www.facebook.com\/pages\/Clube-de-Vela-do-Barreiro\" target=\"_blank\" rel=\"noopener\">https:\/\/www.facebook.com\/pages\/Clube-de-Vela-do-Barreiro<\/a><\/span><\/p>\t\t\t\t\t\t\t\t<\/div>\n\t\t\t\t<\/div>\n\t\t\t\t\t<\/div>\n\t\t\t\t<\/div>\n\t\t\t\t<\/div>\n\t\t","protected":false},"excerpt":{"rendered":"<p>CLUBE DE VELA\u00a0COLOCA\u00a04 EQUIPAS NO\u00a0EUROPEU DE JUNIORES 420\u00a0 Jo\u00e3o Bolina|Rafel Rodrigues, Francisco Rodrigues|Tiago Alves, Gon\u00e7alo Barreto|Lucas Neves e Madalena Machada|Maria Sammut apuram-se para o Europeu de Juniores \u2013 classe 420 \u00a0 Ap\u00f3s a \u00faltima Prova de Apuramento e fechado o Ranking Nacional o Clube de Vela do Barreiro, apura para o Europeu de Juniores que se realiza de 3 a 11 de Julho em Sesimbra\u00a0\u00a04 equipas: \u00a0Jo\u00e3o Bolina e Rafael Rodrigues, Francisco Rodrigues e Tiago Alves, Gon\u00e7alo Barreto e Lucas Neves, Madalena Machado e Maria Sammut v\u00e3o representar Portugal no Europeu que se realiza no nosso Pa\u00eds.\u00a0 Fica desta forma cumprido o objectivo proposto por todas as equipas, o apuramento para o Europeu de Juniores. De destacar que para al\u00e9m do Europeu, estas tripula\u00e7\u00f5es tamb\u00e9m conseguiram apurar-se para o Mundial absolutos e sub17 que se realiza em Newport nos Estados Unidos mas devido aos elevados custos de participa\u00e7\u00e3o nenhuma das equipas viajar\u00e1 para a Am\u00e9rica.\u00a0 \u00a0 Mais uma vez Parab\u00e9ns a todos pelos excelentes resultados!!! Mais um\u00a0\u00a0marco para o Clube e para esta Equipa que trabalhou imenso durante a \u00e9poca para atingir estes objectivos !!! Parab\u00e9ns ao treinador Pedro Bolina, pelo trabalho desenvolvido este ao ano e nos anos anteriores!!! Parab\u00e9ns \u00e1s dupla Ruben Semedo e Tom\u00e1s Mineiro que por serem seniores n\u00e3o foram apurados para este Campeonato mas\u00a0treinaram com dedica\u00e7\u00e3o, ajudaram a tornar a nossa equipa melhor, foram sem duvida uma mais valia nesta equipa, sem voc\u00eas n\u00e3o teria sido poss\u00edvel estes resultados.\u00a0\u00a0Agora \u00e9 continuar a trabalhar pois o Campeonato da Europa \u00e9 j\u00e1 no inicio de Julho !!!\u00a0\u00a0For\u00e7a CVB !!!\u00a0\u00a0\u00a0\u00a0 \u00a0 Mais informa\u00e7\u00e3o e fotos na nossa p\u00e1gina do facebook: https:\/\/www.facebook.com\/pages\/Clube-de-Vela-do-Barreiro<\/p>\n","protected":false},"author":1,"featured_media":0,"parent":0,"menu_order":0,"comment_status":"closed","ping_status":"closed","template":"elementor_header_footer","meta":{"footnotes":""},"class_list":["post-268","page","type-page","status-publish","hentry"],"aioseo_notices":[],"_links":{"self":[{"href":"https:\/\/www.cvbarreiro.com\/index.php\/wp-json\/wp\/v2\/pages\/268","targetHints":{"allow":["GET"]}}],"collection":[{"href":"https:\/\/www.cvbarreiro.com\/index.php\/wp-json\/wp\/v2\/pages"}],"about":[{"href":"https:\/\/www.cvbarreiro.com\/index.php\/wp-json\/wp\/v2\/types\/page"}],"author":[{"embeddable":true,"href":"https:\/\/www.cvbarreiro.com\/index.php\/wp-json\/wp\/v2\/users\/1"}],"replies":[{"embeddable":true,"href":"https:\/\/www.cvbarreiro.com\/index.php\/wp-json\/wp\/v2\/comments?post=268"}],"version-history":[{"count":7,"href":"https:\/\/www.cvbarreiro.com\/index.php\/wp-json\/wp\/v2\/pages\/268\/revisions"}],"predecessor-version":[{"id":278,"href":"https:\/\/www.cvbarreiro.com\/index.php\/wp-json\/wp\/v2\/pages\/268\/revisions\/278"}],"wp:attachment":[{"href":"https:\/\/www.cvbarreiro.com\/index.php\/wp-json\/wp\/v2\/media?parent=268"}],"curies":[{"name":"wp","href":"https:\/\/api.w.org\/{rel}","templated":true}]}}

<div data-elementor-type="wp-page" data-elementor-id="268" class="elementor elementor-268">
				<div class="elementor-element elementor-element-c6958c6 e-con-full e-flex wpr-particle-no wpr-jarallax-no wpr-parallax-no wpr-sticky-section-no wpr-equal-height-no e-con e-parent" data-id="c6958c6" data-element_type="container" data-e-type="container" data-settings="{&quot;background_background&quot;:&quot;classic&quot;}">
				</div>
		<div class="elementor-element elementor-element-158b210 e-flex e-con-boxed wpr-particle-no wpr-jarallax-no wpr-parallax-no wpr-sticky-section-no wpr-equal-height-no e-con e-parent" data-id="158b210" data-element_type="container" data-e-type="container">
					<div class="e-con-inner">
		<div class="elementor-element elementor-element-5f8db89 e-con-full e-flex wpr-particle-no wpr-jarallax-no wpr-parallax-no wpr-sticky-section-no wpr-equal-height-no e-con e-child" data-id="5f8db89" data-element_type="container" data-e-type="container">
				<div class="elementor-element elementor-element-542aa25 elementor-widget elementor-widget-image" data-id="542aa25" data-element_type="widget" data-e-type="widget" data-widget_type="image.default">
															<img fetchpriority="high" decoding="async" width="800" height="599" src="https://www.cvbarreiro.com/wp-content/uploads/2025/10/FOTO-TEAM-420-1024x767.webp" class="attachment-large size-large wp-image-274" alt="Clube de Vela do Barreiro" srcset="https://www.cvbarreiro.com/wp-content/uploads/2025/10/FOTO-TEAM-420-1024x767.webp 1024w, https://www.cvbarreiro.com/wp-content/uploads/2025/10/FOTO-TEAM-420-300x225.webp 300w, https://www.cvbarreiro.com/wp-content/uploads/2025/10/FOTO-TEAM-420-768x575.webp 768w, https://www.cvbarreiro.com/wp-content/uploads/2025/10/FOTO-TEAM-420.webp 1225w" sizes="(max-width: 800px) 100vw, 800px" />															</div>
				</div>
		<div class="elementor-element elementor-element-3801194 e-con-full e-flex wpr-particle-no wpr-jarallax-no wpr-parallax-no wpr-sticky-section-no wpr-equal-height-no e-con e-child" data-id="3801194" data-element_type="container" data-e-type="container">
				<div class="elementor-element elementor-element-0eaa050 elementor-widget elementor-widget-text-editor" data-id="0eaa050" data-element_type="widget" data-e-type="widget" data-widget_type="text-editor.default">
									<p class="font_8 wixui-rich-text__text"><strong><span class="wixui-rich-text__text">CLUBE DE VELA COLOCA </span><span class="wixui-rich-text__text">4 EQUIPAS NO EUROPEU DE JUNIORES 420 </span></strong></p><p class="font_8 wixui-rich-text__text"><br class="wixui-rich-text__text" /><span class="wixui-rich-text__text">João Bolina|Rafel Rodrigues, Francisco Rodrigues|Tiago Alves, Gonçalo Barreto|Lucas Neves e Madalena Machada|Maria Sammut apuram-se para o Europeu de Juniores – classe 420</span></p>								</div>
				<div class="elementor-element elementor-element-d8153b8 elementor-widget elementor-widget-image" data-id="d8153b8" data-element_type="widget" data-e-type="widget" data-widget_type="image.default">
															<img decoding="async" width="800" height="599" src="https://www.cvbarreiro.com/wp-content/uploads/2025/10/FOTO-TEAM-420_2-1024x767.webp" class="attachment-large size-large wp-image-275" alt="Clube de Vela do Barreiro" srcset="https://www.cvbarreiro.com/wp-content/uploads/2025/10/FOTO-TEAM-420_2-1024x767.webp 1024w, https://www.cvbarreiro.com/wp-content/uploads/2025/10/FOTO-TEAM-420_2-300x225.webp 300w, https://www.cvbarreiro.com/wp-content/uploads/2025/10/FOTO-TEAM-420_2-768x575.webp 768w, https://www.cvbarreiro.com/wp-content/uploads/2025/10/FOTO-TEAM-420_2.webp 1225w" sizes="(max-width: 800px) 100vw, 800px" />															</div>
				<div class="elementor-element elementor-element-3f49290 elementor-widget elementor-widget-text-editor" data-id="3f49290" data-element_type="widget" data-e-type="widget" data-widget_type="text-editor.default">
									<p class="font_8 wixui-rich-text__text"> </p><p class="font_8 wixui-rich-text__text">Após a última Prova de Apuramento e fechado o Ranking Nacional o Clube de Vela do Barreiro, apura para o Europeu de Juniores que se realiza de 3 a 11 de Julho em Sesimbra  4 equipas:</p><p class="font_8 wixui-rich-text__text"> João Bolina e Rafael Rodrigues, Francisco Rodrigues e Tiago Alves, Gonçalo Barreto e Lucas Neves, Madalena Machado e Maria Sammut vão representar Portugal no Europeu que se realiza no nosso País. </p><p class="font_8 wixui-rich-text__text">Fica desta forma cumprido o objectivo proposto por todas as equipas, o apuramento para o Europeu de Juniores. De destacar que para além do Europeu, estas tripulações também conseguiram apurar-se para o Mundial absolutos e sub17 que se realiza em Newport nos Estados Unidos mas devido aos elevados custos de participação nenhuma das equipas viajará para a América. </p><p class="font_8 wixui-rich-text__text"> </p><p class="font_8 wixui-rich-text__text">Mais uma vez Parabéns a todos pelos excelentes resultados!!! Mais um  marco para o Clube e para esta Equipa que trabalhou imenso durante a época para atingir estes objectivos !!! Parabéns ao treinador Pedro Bolina, pelo trabalho desenvolvido este ao ano e nos anos anteriores!!! Parabéns ás dupla Ruben Semedo e Tomás Mineiro que por serem seniores não foram apurados para este Campeonato mas treinaram com dedicação, ajudaram a tornar a nossa equipa melhor, foram sem duvida uma mais valia nesta equipa, sem vocês não teria sido possível estes resultados.  Agora é continuar a trabalhar pois o Campeonato da Europa é já no inicio de Julho !!!  Força CVB !!!    </p><p class="font_8 wixui-rich-text__text"> </p><p class="font_8 wixui-rich-text__text">Mais informação e fotos na nossa página do facebook:</p><p class="font_8 wixui-rich-text__text"><span class="wixui-rich-text__text" style="color: #000000;"><a class="wixui-rich-text__text" style="color: #000000;" href="https://www.facebook.com/pages/Clube-de-Vela-do-Barreiro" target="_blank" rel="noopener">https://www.facebook.com/pages/Clube-de-Vela-do-Barreiro</a></span></p>								</div>
				</div>
					</div>
				</div>
				</div>

<p>CLUBE DE VELA COLOCA 4 EQUIPAS NO EUROPEU DE JUNIORES 420  João Bolina|Rafel Rodrigues, Francisco Rodrigues|Tiago Alves, Gonçalo Barreto|Lucas Neves e Madalena Machada|Maria Sammut apuram-se para o Europeu de Juniores – classe 420   Após a última Prova de Apuramento e fechado o Ranking Nacional o Clube de Vela do Barreiro, apura para o Europeu de Juniores que se realiza de 3 a 11 de Julho em Sesimbra  4 equipas:  João Bolina e Rafael Rodrigues, Francisco Rodrigues e Tiago Alves, Gonçalo Barreto e Lucas Neves, Madalena Machado e Maria Sammut vão representar Portugal no Europeu que se realiza no nosso País.  Fica desta forma cumprido o objectivo proposto por todas as equipas, o apuramento para o Europeu de Juniores. De destacar que para além do Europeu, estas tripulações também conseguiram apurar-se para o Mundial absolutos e sub17 que se realiza em Newport nos Estados Unidos mas devido aos elevados custos de participação nenhuma das equipas viajará para a América.    Mais uma vez Parabéns a todos pelos excelentes resultados!!! Mais um  marco para o Clube e para esta Equipa que trabalhou imenso durante a época para atingir estes objectivos !!! Parabéns ao treinador Pedro Bolina, pelo trabalho desenvolvido este ao ano e nos anos anteriores!!! Parabéns ás dupla Ruben Semedo e Tomás Mineiro que por serem seniores não foram apurados para este Campeonato mas treinaram com dedicação, ajudaram a tornar a nossa equipa melhor, foram sem duvida uma mais valia nesta equipa, sem vocês não teria sido possível estes resultados.  Agora é continuar a trabalhar pois o Campeonato da Europa é já no inicio de Julho !!!  Força CVB !!!       Mais informação e fotos na nossa página do facebook: https://www.facebook.com/pages/Clube-de-Vela-do-Barreiro</p>
