{"id":282,"date":"2025-10-12T23:47:14","date_gmt":"2025-10-12T23:47:14","guid":{"rendered":"https:\/\/www.cvbarreiro.com\/?page_id=282"},"modified":"2025-10-12T23:50:34","modified_gmt":"2025-10-12T23:50:34","slug":"xiii-campeonato-portugal-juvenis","status":"publish","type":"page","link":"https:\/\/www.cvbarreiro.com\/index.php\/xiii-campeonato-portugal-juvenis\/","title":{"rendered":"XIII Campeonato de Portugal de Juvenis"},"content":{"rendered":"\t\t<div data-elementor-type=\"wp-page\" data-elementor-id=\"282\" class=\"elementor elementor-282\">\n\t\t\t\t<div class=\"elementor-element elementor-element-c6958c6 e-con-full e-flex wpr-particle-no wpr-jarallax-no wpr-parallax-no wpr-sticky-section-no wpr-equal-height-no e-con e-parent\" data-id=\"c6958c6\" data-element_type=\"container\" data-e-type=\"container\" data-settings=\"{&quot;background_background&quot;:&quot;classic&quot;}\">\n\t\t\t\t<\/div>\n\t\t<div class=\"elementor-element elementor-element-158b210 e-flex e-con-boxed wpr-particle-no wpr-jarallax-no wpr-parallax-no wpr-sticky-section-no wpr-equal-height-no e-con e-parent\" data-id=\"158b210\" data-element_type=\"container\" data-e-type=\"container\">\n\t\t\t\t\t<div class=\"e-con-inner\">\n\t\t<div class=\"elementor-element elementor-element-5f8db89 e-con-full e-flex wpr-particle-no wpr-jarallax-no wpr-parallax-no wpr-sticky-section-no wpr-equal-height-no e-con e-child\" data-id=\"5f8db89\" data-element_type=\"container\" data-e-type=\"container\">\n\t\t\t\t<div class=\"elementor-element elementor-element-67e90bb elementor-widget elementor-widget-text-editor\" data-id=\"67e90bb\" data-element_type=\"widget\" data-e-type=\"widget\" data-widget_type=\"text-editor.default\">\n\t\t\t\t\t\t\t\t\t<p><strong>XIII CAMPEONATO DE PORTUGAL JUVENIS<\/strong><\/p>\t\t\t\t\t\t\t\t<\/div>\n\t\t\t\t<div class=\"elementor-element elementor-element-542aa25 elementor-widget elementor-widget-image\" data-id=\"542aa25\" data-element_type=\"widget\" data-e-type=\"widget\" data-widget_type=\"image.default\">\n\t\t\t\t\t\t\t\t\t\t\t\t\t\t\t<img fetchpriority=\"high\" decoding=\"async\" width=\"800\" height=\"599\" src=\"https:\/\/www.cvbarreiro.com\/wp-content\/uploads\/2025\/10\/FOTO-JUVENIS-1024x767.webp\" class=\"attachment-large size-large wp-image-285\" alt=\"Clube de Vela do Barreiro\" srcset=\"https:\/\/www.cvbarreiro.com\/wp-content\/uploads\/2025\/10\/FOTO-JUVENIS-1024x767.webp 1024w, https:\/\/www.cvbarreiro.com\/wp-content\/uploads\/2025\/10\/FOTO-JUVENIS-300x225.webp 300w, https:\/\/www.cvbarreiro.com\/wp-content\/uploads\/2025\/10\/FOTO-JUVENIS-768x575.webp 768w, https:\/\/www.cvbarreiro.com\/wp-content\/uploads\/2025\/10\/FOTO-JUVENIS.webp 1225w\" sizes=\"(max-width: 800px) 100vw, 800px\" \/>\t\t\t\t\t\t\t\t\t\t\t\t\t\t\t<\/div>\n\t\t\t\t<div class=\"elementor-element elementor-element-f76920f elementor-widget elementor-widget-text-editor\" data-id=\"f76920f\" data-element_type=\"widget\" data-e-type=\"widget\" data-widget_type=\"text-editor.default\">\n\t\t\t\t\t\t\t\t\t<p class=\"font_8 wixui-rich-text__text\">\u00a0<\/p><p class=\"font_8 wixui-rich-text__text\">Clube de Vela coloca dois velejadores nos 15\u00ba primeiros lugares<\/p><p class=\"font_8 wixui-rich-text__text\">Realizou-se de 04 a 07 de Abril, em Vilamoura o\u00a0XIII Campeonato de Portugal de Juvenis\u2013 classe Optimist. O Clube de Vela participou com 10 atletas liderados pelo treinador Gon\u00e7alo Boto e Jos\u00e9 Wanzeller.<\/p><p class=\"font_8 wixui-rich-text__text\">Foi um Campeonato marcado por \u00f3ptimas condi\u00e7\u00f5es, o que possibilitou a realiza\u00e7\u00e3o de 11 das 12 regatas previstas para os 4 dias de prova.<\/p><p class=\"font_8 wixui-rich-text__text\">Os velejadores do Clube estiveram em bom plano j\u00e1 que a maioria obteve lugares nos 10 primeiros, faltou apenas um pouco mais de consist\u00eancia embora todos tenham trabalhado no limite para conquistarem o melhor lugar poss\u00edvel nesta primeira Prova de apuramento para o Mundial e Europeu que realizar-se-\u00e3o no Chipre e na Holanda, respectivamente.<br class=\"wixui-rich-text__text\" \/>O destaque vai para o velejador Ricardo Alves e Tiago Wanzeller que terminaram no 10\u00ba lugar e 15\u00ba lugar da geral !!<\/p><p class=\"font_8 wixui-rich-text__text\">\u00a0<\/p><p class=\"font_8 wixui-rich-text__text\"><span class=\"wixui-rich-text__text\">Classifica\u00e7\u00e3o geral<br class=\"wixui-rich-text__text\" \/>1\u00ba M\u00e1rio Soares &#8211; ANMadeira<br class=\"wixui-rich-text__text\" \/>2\u00ba Vasco Soares &#8211; ANMadeira<br class=\"wixui-rich-text__text\" \/>3\u00ba Vladislav Bedinskyy &#8211; ANGuadiana<br class=\"wixui-rich-text__text\" \/>7\u00ba Teresa Quartin &#8211; CVTejo (1\u00ba feminina)<br class=\"wixui-rich-text__text\" \/>10\u00ba Ricardo Alves &#8211; CVBarreiro<br class=\"wixui-rich-text__text\" \/>15\u00ba Tiago Wanzeller &#8211; CVBarreiro<br class=\"wixui-rich-text__text\" \/>27\u00ba Vasco Wanzeller &#8211; CVBarreiro<br class=\"wixui-rich-text__text\" \/>29\u00ba Jo\u00e3o C\u00f3pio &#8211; CVBarreiro<br class=\"wixui-rich-text__text\" \/>30\u00ba Maria Tavares &#8211; CVBarreiro<br class=\"wixui-rich-text__text\" \/>44\u00ba Diogo Castelos &#8211; CVBarreiro<br class=\"wixui-rich-text__text\" \/>50\u00ba Vasco Soares &#8211; CVBarreiro<br class=\"wixui-rich-text__text\" \/>60\u00ba Joana Paleta &#8211; CVBarreiro<br class=\"wixui-rich-text__text\" \/>80\u00ba Madalena Wanzeller &#8211; CVBarreiro<br class=\"wixui-rich-text__text\" \/>93\u00ba Filipa Rom\u00e3o \u2013 CVBarreiro<\/span><\/p><p class=\"font_8 wixui-rich-text__text\">\u00a0<\/p><p class=\"font_8 wixui-rich-text__text\">Parab\u00e9ns aos irm\u00e3os Soares da Associa\u00e7\u00e3o N\u00e1utica da Madeira que sagraram-se Campe\u00f5es Nacionais e Vice Campe\u00f5es Nacionais e a velejadora do CVTejo Teresa Quartin que se sagrou Campe\u00e3 Nacional feminina<\/p><p class=\"font_8 wixui-rich-text__text\">A frota de Juvenis volta a competir na Prova Final de Selec\u00e7\u00e3o da Classe Optimist, agendada de 28 a 30 de Abril, no Porto. Nessa prova ficar\u00e1 decidido quem ser\u00e3o os velejadores que marcar\u00e3o presen\u00e7a nos Campeonatos do Mundo e da Europa.<\/p><p class=\"font_8 wixui-rich-text__text\">Parab\u00e9ns nossos velejadores velejadores Ricardo Alves, Tiago Wanzeller, Vasco Wanzeller, Jo\u00e3o C\u00f3pio, Vasco Soares, Diogo Castelos, Maria Tavares, Joana Preto, Madalena Wanzeller, Filipa Rom\u00e3o, e aos treinadores Gon\u00e7alo Boto e Jos\u00e9 Wanzeller que foram incans\u00e1v\u00e9is, trabalharam imenso para este Nacional! O &#8220;Campeonato &#8220;ainda vai a meio&#8221;, faltam 9 regatas, muitos pontos em disputa e claro muito trabalho pela frente !!! For\u00e7a miudos ainda h\u00e1 muito para crescer !!! CVB !!!<\/p>\t\t\t\t\t\t\t\t<\/div>\n\t\t\t\t<\/div>\n\t\t\t\t\t<\/div>\n\t\t\t\t<\/div>\n\t\t\t\t<\/div>\n\t\t","protected":false},"excerpt":{"rendered":"<p>XIII CAMPEONATO DE PORTUGAL JUVENIS \u00a0 Clube de Vela coloca dois velejadores nos 15\u00ba primeiros lugares Realizou-se de 04 a 07 de Abril, em Vilamoura o\u00a0XIII Campeonato de Portugal de Juvenis\u2013 classe Optimist. O Clube de Vela participou com 10 atletas liderados pelo treinador Gon\u00e7alo Boto e Jos\u00e9 Wanzeller. Foi um Campeonato marcado por \u00f3ptimas condi\u00e7\u00f5es, o que possibilitou a realiza\u00e7\u00e3o de 11 das 12 regatas previstas para os 4 dias de prova. Os velejadores do Clube estiveram em bom plano j\u00e1 que a maioria obteve lugares nos 10 primeiros, faltou apenas um pouco mais de consist\u00eancia embora todos tenham trabalhado no limite para conquistarem o melhor lugar poss\u00edvel nesta primeira Prova de apuramento para o Mundial e Europeu que realizar-se-\u00e3o no Chipre e na Holanda, respectivamente.O destaque vai para o velejador Ricardo Alves e Tiago Wanzeller que terminaram no 10\u00ba lugar e 15\u00ba lugar da geral !! \u00a0 Classifica\u00e7\u00e3o geral1\u00ba M\u00e1rio Soares &#8211; ANMadeira2\u00ba Vasco Soares &#8211; ANMadeira3\u00ba Vladislav Bedinskyy &#8211; ANGuadiana7\u00ba Teresa Quartin &#8211; CVTejo (1\u00ba feminina)10\u00ba Ricardo Alves &#8211; CVBarreiro15\u00ba Tiago Wanzeller &#8211; CVBarreiro27\u00ba Vasco Wanzeller &#8211; CVBarreiro29\u00ba Jo\u00e3o C\u00f3pio &#8211; CVBarreiro30\u00ba Maria Tavares &#8211; CVBarreiro44\u00ba Diogo Castelos &#8211; CVBarreiro50\u00ba Vasco Soares &#8211; CVBarreiro60\u00ba Joana Paleta &#8211; CVBarreiro80\u00ba Madalena Wanzeller &#8211; CVBarreiro93\u00ba Filipa Rom\u00e3o \u2013 CVBarreiro \u00a0 Parab\u00e9ns aos irm\u00e3os Soares da Associa\u00e7\u00e3o N\u00e1utica da Madeira que sagraram-se Campe\u00f5es Nacionais e Vice Campe\u00f5es Nacionais e a velejadora do CVTejo Teresa Quartin que se sagrou Campe\u00e3 Nacional feminina A frota de Juvenis volta a competir na Prova Final de Selec\u00e7\u00e3o da Classe Optimist, agendada de 28 a 30 de Abril, no Porto. Nessa prova ficar\u00e1 decidido quem ser\u00e3o os velejadores que marcar\u00e3o presen\u00e7a nos Campeonatos do Mundo e da Europa. Parab\u00e9ns nossos velejadores velejadores Ricardo Alves, Tiago Wanzeller, Vasco Wanzeller, Jo\u00e3o C\u00f3pio, Vasco Soares, Diogo Castelos, Maria Tavares, Joana Preto, Madalena Wanzeller, Filipa Rom\u00e3o, e aos treinadores Gon\u00e7alo Boto e Jos\u00e9 Wanzeller que foram incans\u00e1v\u00e9is, trabalharam imenso para este Nacional! O &#8220;Campeonato &#8220;ainda vai a meio&#8221;, faltam 9 regatas, muitos pontos em disputa e claro muito trabalho pela frente !!! For\u00e7a miudos ainda h\u00e1 muito para crescer !!! CVB !!!<\/p>\n","protected":false},"author":1,"featured_media":0,"parent":0,"menu_order":0,"comment_status":"closed","ping_status":"closed","template":"elementor_header_footer","meta":{"footnotes":""},"class_list":["post-282","page","type-page","status-publish","hentry"],"aioseo_notices":[],"_links":{"self":[{"href":"https:\/\/www.cvbarreiro.com\/index.php\/wp-json\/wp\/v2\/pages\/282","targetHints":{"allow":["GET"]}}],"collection":[{"href":"https:\/\/www.cvbarreiro.com\/index.php\/wp-json\/wp\/v2\/pages"}],"about":[{"href":"https:\/\/www.cvbarreiro.com\/index.php\/wp-json\/wp\/v2\/types\/page"}],"author":[{"embeddable":true,"href":"https:\/\/www.cvbarreiro.com\/index.php\/wp-json\/wp\/v2\/users\/1"}],"replies":[{"embeddable":true,"href":"https:\/\/www.cvbarreiro.com\/index.php\/wp-json\/wp\/v2\/comments?post=282"}],"version-history":[{"count":4,"href":"https:\/\/www.cvbarreiro.com\/index.php\/wp-json\/wp\/v2\/pages\/282\/revisions"}],"predecessor-version":[{"id":288,"href":"https:\/\/www.cvbarreiro.com\/index.php\/wp-json\/wp\/v2\/pages\/282\/revisions\/288"}],"wp:attachment":[{"href":"https:\/\/www.cvbarreiro.com\/index.php\/wp-json\/wp\/v2\/media?parent=282"}],"curies":[{"name":"wp","href":"https:\/\/api.w.org\/{rel}","templated":true}]}}

<div data-elementor-type="wp-page" data-elementor-id="282" class="elementor elementor-282">
				<div class="elementor-element elementor-element-c6958c6 e-con-full e-flex wpr-particle-no wpr-jarallax-no wpr-parallax-no wpr-sticky-section-no wpr-equal-height-no e-con e-parent" data-id="c6958c6" data-element_type="container" data-e-type="container" data-settings="{&quot;background_background&quot;:&quot;classic&quot;}">
				</div>
		<div class="elementor-element elementor-element-158b210 e-flex e-con-boxed wpr-particle-no wpr-jarallax-no wpr-parallax-no wpr-sticky-section-no wpr-equal-height-no e-con e-parent" data-id="158b210" data-element_type="container" data-e-type="container">
					<div class="e-con-inner">
		<div class="elementor-element elementor-element-5f8db89 e-con-full e-flex wpr-particle-no wpr-jarallax-no wpr-parallax-no wpr-sticky-section-no wpr-equal-height-no e-con e-child" data-id="5f8db89" data-element_type="container" data-e-type="container">
				<div class="elementor-element elementor-element-67e90bb elementor-widget elementor-widget-text-editor" data-id="67e90bb" data-element_type="widget" data-e-type="widget" data-widget_type="text-editor.default">
									<p><strong>XIII CAMPEONATO DE PORTUGAL JUVENIS</strong></p>								</div>
				<div class="elementor-element elementor-element-542aa25 elementor-widget elementor-widget-image" data-id="542aa25" data-element_type="widget" data-e-type="widget" data-widget_type="image.default">
															<img fetchpriority="high" decoding="async" width="800" height="599" src="https://www.cvbarreiro.com/wp-content/uploads/2025/10/FOTO-JUVENIS-1024x767.webp" class="attachment-large size-large wp-image-285" alt="Clube de Vela do Barreiro" srcset="https://www.cvbarreiro.com/wp-content/uploads/2025/10/FOTO-JUVENIS-1024x767.webp 1024w, https://www.cvbarreiro.com/wp-content/uploads/2025/10/FOTO-JUVENIS-300x225.webp 300w, https://www.cvbarreiro.com/wp-content/uploads/2025/10/FOTO-JUVENIS-768x575.webp 768w, https://www.cvbarreiro.com/wp-content/uploads/2025/10/FOTO-JUVENIS.webp 1225w" sizes="(max-width: 800px) 100vw, 800px" />															</div>
				<div class="elementor-element elementor-element-f76920f elementor-widget elementor-widget-text-editor" data-id="f76920f" data-element_type="widget" data-e-type="widget" data-widget_type="text-editor.default">
									<p class="font_8 wixui-rich-text__text"> </p><p class="font_8 wixui-rich-text__text">Clube de Vela coloca dois velejadores nos 15º primeiros lugares</p><p class="font_8 wixui-rich-text__text">Realizou-se de 04 a 07 de Abril, em Vilamoura o XIII Campeonato de Portugal de Juvenis– classe Optimist. O Clube de Vela participou com 10 atletas liderados pelo treinador Gonçalo Boto e José Wanzeller.</p><p class="font_8 wixui-rich-text__text">Foi um Campeonato marcado por óptimas condições, o que possibilitou a realização de 11 das 12 regatas previstas para os 4 dias de prova.</p><p class="font_8 wixui-rich-text__text">Os velejadores do Clube estiveram em bom plano já que a maioria obteve lugares nos 10 primeiros, faltou apenas um pouco mais de consistência embora todos tenham trabalhado no limite para conquistarem o melhor lugar possível nesta primeira Prova de apuramento para o Mundial e Europeu que realizar-se-ão no Chipre e na Holanda, respectivamente.<br class="wixui-rich-text__text" />O destaque vai para o velejador Ricardo Alves e Tiago Wanzeller que terminaram no 10º lugar e 15º lugar da geral !!</p><p class="font_8 wixui-rich-text__text"> </p><p class="font_8 wixui-rich-text__text"><span class="wixui-rich-text__text">Classificação geral<br class="wixui-rich-text__text" />1º Mário Soares &#8211; ANMadeira<br class="wixui-rich-text__text" />2º Vasco Soares &#8211; ANMadeira<br class="wixui-rich-text__text" />3º Vladislav Bedinskyy &#8211; ANGuadiana<br class="wixui-rich-text__text" />7º Teresa Quartin &#8211; CVTejo (1º feminina)<br class="wixui-rich-text__text" />10º Ricardo Alves &#8211; CVBarreiro<br class="wixui-rich-text__text" />15º Tiago Wanzeller &#8211; CVBarreiro<br class="wixui-rich-text__text" />27º Vasco Wanzeller &#8211; CVBarreiro<br class="wixui-rich-text__text" />29º João Cópio &#8211; CVBarreiro<br class="wixui-rich-text__text" />30º Maria Tavares &#8211; CVBarreiro<br class="wixui-rich-text__text" />44º Diogo Castelos &#8211; CVBarreiro<br class="wixui-rich-text__text" />50º Vasco Soares &#8211; CVBarreiro<br class="wixui-rich-text__text" />60º Joana Paleta &#8211; CVBarreiro<br class="wixui-rich-text__text" />80º Madalena Wanzeller &#8211; CVBarreiro<br class="wixui-rich-text__text" />93º Filipa Romão – CVBarreiro</span></p><p class="font_8 wixui-rich-text__text"> </p><p class="font_8 wixui-rich-text__text">Parabéns aos irmãos Soares da Associação Náutica da Madeira que sagraram-se Campeões Nacionais e Vice Campeões Nacionais e a velejadora do CVTejo Teresa Quartin que se sagrou Campeã Nacional feminina</p><p class="font_8 wixui-rich-text__text">A frota de Juvenis volta a competir na Prova Final de Selecção da Classe Optimist, agendada de 28 a 30 de Abril, no Porto. Nessa prova ficará decidido quem serão os velejadores que marcarão presença nos Campeonatos do Mundo e da Europa.</p><p class="font_8 wixui-rich-text__text">Parabéns nossos velejadores velejadores Ricardo Alves, Tiago Wanzeller, Vasco Wanzeller, João Cópio, Vasco Soares, Diogo Castelos, Maria Tavares, Joana Preto, Madalena Wanzeller, Filipa Romão, e aos treinadores Gonçalo Boto e José Wanzeller que foram incansávéis, trabalharam imenso para este Nacional! O &#8220;Campeonato &#8220;ainda vai a meio&#8221;, faltam 9 regatas, muitos pontos em disputa e claro muito trabalho pela frente !!! Força miudos ainda há muito para crescer !!! CVB !!!</p>								</div>
				</div>
					</div>
				</div>
				</div>

<p>XIII CAMPEONATO DE PORTUGAL JUVENIS   Clube de Vela coloca dois velejadores nos 15º primeiros lugares Realizou-se de 04 a 07 de Abril, em Vilamoura o XIII Campeonato de Portugal de Juvenis– classe Optimist. O Clube de Vela participou com 10 atletas liderados pelo treinador Gonçalo Boto e José Wanzeller. Foi um Campeonato marcado por óptimas condições, o que possibilitou a realização de 11 das 12 regatas previstas para os 4 dias de prova. Os velejadores do Clube estiveram em bom plano já que a maioria obteve lugares nos 10 primeiros, faltou apenas um pouco mais de consistência embora todos tenham trabalhado no limite para conquistarem o melhor lugar possível nesta primeira Prova de apuramento para o Mundial e Europeu que realizar-se-ão no Chipre e na Holanda, respectivamente.O destaque vai para o velejador Ricardo Alves e Tiago Wanzeller que terminaram no 10º lugar e 15º lugar da geral !!   Classificação geral1º Mário Soares &#8211; ANMadeira2º Vasco Soares &#8211; ANMadeira3º Vladislav Bedinskyy &#8211; ANGuadiana7º Teresa Quartin &#8211; CVTejo (1º feminina)10º Ricardo Alves &#8211; CVBarreiro15º Tiago Wanzeller &#8211; CVBarreiro27º Vasco Wanzeller &#8211; CVBarreiro29º João Cópio &#8211; CVBarreiro30º Maria Tavares &#8211; CVBarreiro44º Diogo Castelos &#8211; CVBarreiro50º Vasco Soares &#8211; CVBarreiro60º Joana Paleta &#8211; CVBarreiro80º Madalena Wanzeller &#8211; CVBarreiro93º Filipa Romão – CVBarreiro   Parabéns aos irmãos Soares da Associação Náutica da Madeira que sagraram-se Campeões Nacionais e Vice Campeões Nacionais e a velejadora do CVTejo Teresa Quartin que se sagrou Campeã Nacional feminina A frota de Juvenis volta a competir na Prova Final de Selecção da Classe Optimist, agendada de 28 a 30 de Abril, no Porto. Nessa prova ficará decidido quem serão os velejadores que marcarão presença nos Campeonatos do Mundo e da Europa. Parabéns nossos velejadores velejadores Ricardo Alves, Tiago Wanzeller, Vasco Wanzeller, João Cópio, Vasco Soares, Diogo Castelos, Maria Tavares, Joana Preto, Madalena Wanzeller, Filipa Romão, e aos treinadores Gonçalo Boto e José Wanzeller que foram incansávéis, trabalharam imenso para este Nacional! O &#8220;Campeonato &#8220;ainda vai a meio&#8221;, faltam 9 regatas, muitos pontos em disputa e claro muito trabalho pela frente !!! Força miudos ainda há muito para crescer !!! CVB !!!</p>
