{"id":521,"date":"2025-10-14T16:49:38","date_gmt":"2025-10-14T16:49:38","guid":{"rendered":"https:\/\/www.cvbarreiro.com\/?page_id=521"},"modified":"2025-11-10T12:59:11","modified_gmt":"2025-11-10T12:59:11","slug":"competicao-420","status":"publish","type":"page","link":"https:\/\/www.cvbarreiro.com\/index.php\/competicao-420\/","title":{"rendered":"Competi\u00e7\u00e3o 420"},"content":{"rendered":"\t\t<div data-elementor-type=\"wp-page\" data-elementor-id=\"521\" class=\"elementor elementor-521\">\n\t\t\t\t<div class=\"elementor-element elementor-element-c6958c6 e-con-full e-flex wpr-particle-no wpr-jarallax-no wpr-parallax-no wpr-sticky-section-no wpr-equal-height-no e-con e-parent\" data-id=\"c6958c6\" data-element_type=\"container\" data-e-type=\"container\" data-settings=\"{&quot;background_background&quot;:&quot;classic&quot;}\">\n\t\t\t\t<div class=\"elementor-element elementor-element-1c0edf1 elementor-widget elementor-widget-text-editor\" data-id=\"1c0edf1\" data-element_type=\"widget\" data-e-type=\"widget\" data-widget_type=\"text-editor.default\">\n\t\t\t\t\t\t\t\t\t<p><span style=\"font-weight: bold; color: #ffffff;\">Equipa<\/span><\/p><p><span style=\"font-weight: bold; color: #ffffff;\"> Competi\u00e7\u00e3o 420<\/span><\/p>\t\t\t\t\t\t\t\t<\/div>\n\t\t\t\t<\/div>\n\t\t<div class=\"elementor-element elementor-element-158b210 e-flex e-con-boxed wpr-particle-no wpr-jarallax-no wpr-parallax-no wpr-sticky-section-no wpr-equal-height-no e-con e-parent\" data-id=\"158b210\" data-element_type=\"container\" data-e-type=\"container\">\n\t\t\t\t\t<div class=\"e-con-inner\">\n\t\t<div class=\"elementor-element elementor-element-3801194 e-con-full e-flex wpr-particle-no wpr-jarallax-no wpr-parallax-no wpr-sticky-section-no wpr-equal-height-no e-con e-child\" data-id=\"3801194\" data-element_type=\"container\" data-e-type=\"container\">\n\t\t<div class=\"elementor-element elementor-element-7939d7b e-con-full e-flex wpr-particle-no wpr-jarallax-no wpr-parallax-no wpr-sticky-section-no wpr-equal-height-no e-con e-child\" data-id=\"7939d7b\" data-element_type=\"container\" data-e-type=\"container\">\n\t\t<div class=\"elementor-element elementor-element-e4e6a7d e-con-full e-flex wpr-particle-no wpr-jarallax-no wpr-parallax-no wpr-sticky-section-no wpr-equal-height-no e-con e-child\" data-id=\"e4e6a7d\" data-element_type=\"container\" data-e-type=\"container\">\n\t\t\t\t<div class=\"elementor-element elementor-element-97e5ad1 elementor-widget elementor-widget-image\" data-id=\"97e5ad1\" data-element_type=\"widget\" data-e-type=\"widget\" data-widget_type=\"image.default\">\n\t\t\t\t\t\t\t\t\t\t\t\t\t\t\t<img fetchpriority=\"high\" decoding=\"async\" width=\"700\" height=\"525\" src=\"https:\/\/www.cvbarreiro.com\/wp-content\/uploads\/2025\/10\/22091431_10209520494359596_1276594567_n.webp\" class=\"attachment-large size-large wp-image-523\" alt=\"Clube de Vela do Barreiro\" srcset=\"https:\/\/www.cvbarreiro.com\/wp-content\/uploads\/2025\/10\/22091431_10209520494359596_1276594567_n.webp 700w, https:\/\/www.cvbarreiro.com\/wp-content\/uploads\/2025\/10\/22091431_10209520494359596_1276594567_n-300x225.webp 300w\" sizes=\"(max-width: 700px) 100vw, 700px\" \/>\t\t\t\t\t\t\t\t\t\t\t\t\t\t\t<\/div>\n\t\t\t\t<\/div>\n\t\t<div class=\"elementor-element elementor-element-a81edcb e-con-full e-flex wpr-particle-no wpr-jarallax-no wpr-parallax-no wpr-sticky-section-no wpr-equal-height-no e-con e-child\" data-id=\"a81edcb\" data-element_type=\"container\" data-e-type=\"container\">\n\t\t\t\t<div class=\"elementor-element elementor-element-983beb5 elementor-widget elementor-widget-text-editor\" data-id=\"983beb5\" data-element_type=\"widget\" data-e-type=\"widget\" data-widget_type=\"text-editor.default\">\n\t\t\t\t\t\t\t\t\t<div class=\"elementToProof\"><b>420 &#8211; Equipa Competi\u00e7\u00e3o<\/b><br>&nbsp;<\/div>\n<ul>\n<li>Idade: 15 aos 20 anos<\/li>\n<li>Valor mensalidade: 70,00 \u20ac<\/li>\n<li>Ser s\u00f3cio do Clube 24,00\u20ac (anuidade) isento de joia<\/li>\n<li>Seguro\/Licen\u00e7a Desportiva (anual): definido pela FPV<\/li>\n<\/ul>\t\t\t\t\t\t\t\t<\/div>\n\t\t\t\t<\/div>\n\t\t\t\t<\/div>\n\t\t\t\t<div class=\"elementor-element elementor-element-b73573a elementor-widget elementor-widget-text-editor\" data-id=\"b73573a\" data-element_type=\"widget\" data-e-type=\"widget\" data-widget_type=\"text-editor.default\">\n\t\t\t\t\t\t\t\t\t<h3 class=\"font_8\"><strong>Melhores resultados<\/strong><\/h3><p class=\"font_8\"><b>2021 <\/b>&#8211; Ricardo Alves \/Tiago Alves\u00a0&#8211; Vice-Campe\u00f5es Nacionais<\/p><p class=\"font_8\"><b>2020 <\/b>&#8211; Ricardo Alves \/Tiago Alves &#8211; Campe\u00f5es Nacionais<\/p><p class=\"font_8\"><b>2019 <\/b>&#8211; Antonio Pereira\/Jo\u00e3o Bolina &#8211; Vice Campe\u00f5es Nacionais<\/p><p class=\"font_8\"><b>2018 <\/b>&#8211; Jo\u00e3o Bolina\/Rafael Rodrigues (CNC) &#8211; Vice Campe\u00f5es Nacionais\u00a0<\/p><p class=\"font_8\">\u00a0 \u00a0 \u00a0 \u00a0 \u00a0 \u00a0 Jo\u00e3o Bolina\/Rafael Rodrigues (CNC) &#8211; Campe\u00f5es Nacionais Juniores<\/p><p class=\"font_8\"><b>2018 <\/b>&#8211; Francisco Rodrigues\/Tiago Alves &#8211; Vice Campe\u00f5es Nacionais Juniores<\/p><p class=\"font_8\">\u00a0 \u00a0 \u00a0 \u00a0 \u00a0 \u00a0 3\u00ba Lugar Campeonato Nacional<\/p><p class=\"font_8\"><b>2017 <\/b>&#8211; Jo\u00e3o Bolina\/Rafael Rodrigues (CNC) &#8211; Vice Campe\u00f5es Nacionais\u00a0<\/p><p class=\"font_8\">\u00a0Jo\u00e3o Bolina\/Rafael Rodrigues (CNC) &#8211; Campe\u00f5es Nacionais Juniores\u00a0<\/p><p class=\"font_8\">\u00a0<\/p><p class=\"font_8\">\u00a0 Manuel Ramos\/Gon\u00e7alo Ramos &#8211; 1\u00ba lugar Ranking Nacional Absoluto<\/p><p class=\"font_8\">\u00a0 Manuel Ramos\/Gon\u00e7alo Ramos &#8211; 30\u00ba lugar Campeonato da Europa Absolutos<\/p><p class=\"font_8\">\u00a0<\/p><p class=\"font_8\"><b>2016 <\/b>&#8211; Jo\u00e3o Bolina\/Francisco Rodrigues Rodrigues &#8211; Vice Campe\u00f5es Nacionais Juniores<\/p><p class=\"font_8\">\u00a0Jo\u00e3o Bolina\/Francisco Rodrigues &#8211; Campe\u00f5es Nacionais sub17<\/p><p class=\"font_8\">\u00a0<\/p><p class=\"font_8\"><b>2015 <\/b>&#8211; Gon\u00e7alo Pires (YCP)\/Gon\u00e7alo Ramos (CVB) &#8211; Vice Campe\u00f5es de Portugal Absolutos<\/p><p class=\"font_8\">\u00a0<\/p><p class=\"font_8\"><b>2010 <\/b>&#8211; Ruben Semedo\/Francisco Teixeira &#8211; Vice Campe\u00f5es Nacionais\u00a0<\/p><p class=\"font_8\">\u00a0Patricia Costa\/Filipa Barros (YCP) &#8211; Campe\u00e3s de Portugal de Juniores\u00a0<\/p><p class=\"font_8\">\u00a0Patricia Costa\/Filipa Barros (YCP) &#8211; Vice-Campe\u00e3s da Europa de juniores<\/p><p class=\"font_8\"><b>2009 <\/b>&#8211; Campe\u00f5es Nacionais Absolutos<\/p><p class=\"font_8\">\u00a0 \u00a0 Campe\u00f5es Regionais Absolutos\u00a0<\/p><p class=\"font_8\">\u00a0 \u00a0 Vice-Campe\u00e3s Nacionais femininas<\/p><p class=\"font_8\">\u00a0 \u00a0 Campe\u00e3s Regionais juniores femininas\u00a0<\/p><p class=\"font_8\">\u00a0 \u00a0 Vice-Campe\u00f5es Regionais de juniores<\/p><p class=\"font_8\"><b>2008<\/b> &#8211; Duas tripula\u00e7\u00f5es apuradas para o Europeu e Mundial<\/p><p class=\"font_8\">\u00a0 \u00a0 Duas tripula\u00e7\u00f5es com estatuto de Alta Competi\u00e7\u00e3o;<\/p><p class=\"font_8\"><b>2007<\/b> &#8211; Vice-Campe\u00f5es Nacionais no Portugal de Juniores\u00a0<\/p><p class=\"font_8\">\u00a0 \u00a03\u00ba lugar no Campeonato Nacional absoluto\u00a0<\/p><p class=\"font_8\">\u00a0 \u00a013\u00ba lugar no campeonato da Europa absoluto<\/p><p class=\"font_8\"><b>2005 <\/b>&#8211; 10\u00ba lugar no campeonato da Europa de Juniores 2005;\u00a0<\/p><p class=\"font_8\">\u00a0 \u00a0 11\u00ba lugar no campeonato do Mundo absoluto 2005;<\/p><p class=\"font_8\"><b>2004 <\/b>&#8211; Vice-campe\u00f5es Nacionais absolutos 2004;\u00a0<\/p><p class=\"font_8\">\u00a0 \u00a0 Campe\u00f5es Nacionais de juniores 2004;\u00a0<\/p><p class=\"font_8\">\u00a0 \u00a0 5\u00ba lugar no campeonato da Europa de Juniores 2004;<\/p><p class=\"font_8\">\u00a0<\/p>\t\t\t\t\t\t\t\t<\/div>\n\t\t\t\t<\/div>\n\t\t\t\t\t<\/div>\n\t\t\t\t<\/div>\n\t\t\t\t<\/div>\n\t\t","protected":false},"excerpt":{"rendered":"<p>Equipa Competi\u00e7\u00e3o 420 420 &#8211; Equipa Competi\u00e7\u00e3o&nbsp; Idade: 15 aos 20 anos Valor mensalidade: 70,00 \u20ac Ser s\u00f3cio do Clube 24,00\u20ac (anuidade) isento de joia Seguro\/Licen\u00e7a Desportiva (anual): definido pela FPV Melhores resultados 2021 &#8211; Ricardo Alves \/Tiago Alves\u00a0&#8211; Vice-Campe\u00f5es Nacionais 2020 &#8211; Ricardo Alves \/Tiago Alves &#8211; Campe\u00f5es Nacionais 2019 &#8211; Antonio Pereira\/Jo\u00e3o Bolina &#8211; Vice Campe\u00f5es Nacionais 2018 &#8211; Jo\u00e3o Bolina\/Rafael Rodrigues (CNC) &#8211; Vice Campe\u00f5es Nacionais\u00a0 \u00a0 \u00a0 \u00a0 \u00a0 \u00a0 \u00a0 Jo\u00e3o Bolina\/Rafael Rodrigues (CNC) &#8211; Campe\u00f5es Nacionais Juniores 2018 &#8211; Francisco Rodrigues\/Tiago Alves &#8211; Vice Campe\u00f5es Nacionais Juniores \u00a0 \u00a0 \u00a0 \u00a0 \u00a0 \u00a0 3\u00ba Lugar Campeonato Nacional 2017 &#8211; Jo\u00e3o Bolina\/Rafael Rodrigues (CNC) &#8211; Vice Campe\u00f5es Nacionais\u00a0 \u00a0Jo\u00e3o Bolina\/Rafael Rodrigues (CNC) &#8211; Campe\u00f5es Nacionais Juniores\u00a0 \u00a0 \u00a0 Manuel Ramos\/Gon\u00e7alo Ramos &#8211; 1\u00ba lugar Ranking Nacional Absoluto \u00a0 Manuel Ramos\/Gon\u00e7alo Ramos &#8211; 30\u00ba lugar Campeonato da Europa Absolutos \u00a0 2016 &#8211; Jo\u00e3o Bolina\/Francisco Rodrigues Rodrigues &#8211; Vice Campe\u00f5es Nacionais Juniores \u00a0Jo\u00e3o Bolina\/Francisco Rodrigues &#8211; Campe\u00f5es Nacionais sub17 \u00a0 2015 &#8211; Gon\u00e7alo Pires (YCP)\/Gon\u00e7alo Ramos (CVB) &#8211; Vice Campe\u00f5es de Portugal Absolutos \u00a0 2010 &#8211; Ruben Semedo\/Francisco Teixeira &#8211; Vice Campe\u00f5es Nacionais\u00a0 \u00a0Patricia Costa\/Filipa Barros (YCP) &#8211; Campe\u00e3s de Portugal de Juniores\u00a0 \u00a0Patricia Costa\/Filipa Barros (YCP) &#8211; Vice-Campe\u00e3s da Europa de juniores 2009 &#8211; Campe\u00f5es Nacionais Absolutos \u00a0 \u00a0 Campe\u00f5es Regionais Absolutos\u00a0 \u00a0 \u00a0 Vice-Campe\u00e3s Nacionais femininas \u00a0 \u00a0 Campe\u00e3s Regionais juniores femininas\u00a0 \u00a0 \u00a0 Vice-Campe\u00f5es Regionais de juniores 2008 &#8211; Duas tripula\u00e7\u00f5es apuradas para o Europeu e Mundial \u00a0 \u00a0 Duas tripula\u00e7\u00f5es com estatuto de Alta Competi\u00e7\u00e3o; 2007 &#8211; Vice-Campe\u00f5es Nacionais no Portugal de Juniores\u00a0 \u00a0 \u00a03\u00ba lugar no Campeonato Nacional absoluto\u00a0 \u00a0 \u00a013\u00ba lugar no campeonato da Europa absoluto 2005 &#8211; 10\u00ba lugar no campeonato da Europa de Juniores 2005;\u00a0 \u00a0 \u00a0 11\u00ba lugar no campeonato do Mundo absoluto 2005; 2004 &#8211; Vice-campe\u00f5es Nacionais absolutos 2004;\u00a0 \u00a0 \u00a0 Campe\u00f5es Nacionais de juniores 2004;\u00a0 \u00a0 \u00a0 5\u00ba lugar no campeonato da Europa de Juniores 2004; \u00a0<\/p>\n","protected":false},"author":1,"featured_media":0,"parent":0,"menu_order":0,"comment_status":"closed","ping_status":"closed","template":"elementor_header_footer","meta":{"footnotes":""},"class_list":["post-521","page","type-page","status-publish","hentry"],"aioseo_notices":[],"_links":{"self":[{"href":"https:\/\/www.cvbarreiro.com\/index.php\/wp-json\/wp\/v2\/pages\/521","targetHints":{"allow":["GET"]}}],"collection":[{"href":"https:\/\/www.cvbarreiro.com\/index.php\/wp-json\/wp\/v2\/pages"}],"about":[{"href":"https:\/\/www.cvbarreiro.com\/index.php\/wp-json\/wp\/v2\/types\/page"}],"author":[{"embeddable":true,"href":"https:\/\/www.cvbarreiro.com\/index.php\/wp-json\/wp\/v2\/users\/1"}],"replies":[{"embeddable":true,"href":"https:\/\/www.cvbarreiro.com\/index.php\/wp-json\/wp\/v2\/comments?post=521"}],"version-history":[{"count":20,"href":"https:\/\/www.cvbarreiro.com\/index.php\/wp-json\/wp\/v2\/pages\/521\/revisions"}],"predecessor-version":[{"id":723,"href":"https:\/\/www.cvbarreiro.com\/index.php\/wp-json\/wp\/v2\/pages\/521\/revisions\/723"}],"wp:attachment":[{"href":"https:\/\/www.cvbarreiro.com\/index.php\/wp-json\/wp\/v2\/media?parent=521"}],"curies":[{"name":"wp","href":"https:\/\/api.w.org\/{rel}","templated":true}]}}

Competição 420

<div data-elementor-type="wp-page" data-elementor-id="521" class="elementor elementor-521">
				<div class="elementor-element elementor-element-c6958c6 e-con-full e-flex wpr-particle-no wpr-jarallax-no wpr-parallax-no wpr-sticky-section-no wpr-equal-height-no e-con e-parent" data-id="c6958c6" data-element_type="container" data-e-type="container" data-settings="{&quot;background_background&quot;:&quot;classic&quot;}">
				<div class="elementor-element elementor-element-1c0edf1 elementor-widget elementor-widget-text-editor" data-id="1c0edf1" data-element_type="widget" data-e-type="widget" data-widget_type="text-editor.default">
									<p><span style="font-weight: bold; color: #ffffff;">Equipa</span></p><p><span style="font-weight: bold; color: #ffffff;"> Competição 420</span></p>								</div>
				</div>
		<div class="elementor-element elementor-element-158b210 e-flex e-con-boxed wpr-particle-no wpr-jarallax-no wpr-parallax-no wpr-sticky-section-no wpr-equal-height-no e-con e-parent" data-id="158b210" data-element_type="container" data-e-type="container">
					<div class="e-con-inner">
		<div class="elementor-element elementor-element-3801194 e-con-full e-flex wpr-particle-no wpr-jarallax-no wpr-parallax-no wpr-sticky-section-no wpr-equal-height-no e-con e-child" data-id="3801194" data-element_type="container" data-e-type="container">
		<div class="elementor-element elementor-element-7939d7b e-con-full e-flex wpr-particle-no wpr-jarallax-no wpr-parallax-no wpr-sticky-section-no wpr-equal-height-no e-con e-child" data-id="7939d7b" data-element_type="container" data-e-type="container">
		<div class="elementor-element elementor-element-e4e6a7d e-con-full e-flex wpr-particle-no wpr-jarallax-no wpr-parallax-no wpr-sticky-section-no wpr-equal-height-no e-con e-child" data-id="e4e6a7d" data-element_type="container" data-e-type="container">
				<div class="elementor-element elementor-element-97e5ad1 elementor-widget elementor-widget-image" data-id="97e5ad1" data-element_type="widget" data-e-type="widget" data-widget_type="image.default">
															<img fetchpriority="high" decoding="async" width="700" height="525" src="https://www.cvbarreiro.com/wp-content/uploads/2025/10/22091431_10209520494359596_1276594567_n.webp" class="attachment-large size-large wp-image-523" alt="Clube de Vela do Barreiro" srcset="https://www.cvbarreiro.com/wp-content/uploads/2025/10/22091431_10209520494359596_1276594567_n.webp 700w, https://www.cvbarreiro.com/wp-content/uploads/2025/10/22091431_10209520494359596_1276594567_n-300x225.webp 300w" sizes="(max-width: 700px) 100vw, 700px" />															</div>
				</div>
		<div class="elementor-element elementor-element-a81edcb e-con-full e-flex wpr-particle-no wpr-jarallax-no wpr-parallax-no wpr-sticky-section-no wpr-equal-height-no e-con e-child" data-id="a81edcb" data-element_type="container" data-e-type="container">
				<div class="elementor-element elementor-element-983beb5 elementor-widget elementor-widget-text-editor" data-id="983beb5" data-element_type="widget" data-e-type="widget" data-widget_type="text-editor.default">
									<div class="elementToProof"><b>420 &#8211; Equipa Competição</b><br>&nbsp;</div>
<ul>
<li>Idade: 15 aos 20 anos</li>
<li>Valor mensalidade: 70,00 €</li>
<li>Ser sócio do Clube 24,00€ (anuidade) isento de joia</li>
<li>Seguro/Licença Desportiva (anual): definido pela FPV</li>
</ul>								</div>
				</div>
				</div>
				<div class="elementor-element elementor-element-b73573a elementor-widget elementor-widget-text-editor" data-id="b73573a" data-element_type="widget" data-e-type="widget" data-widget_type="text-editor.default">
									<h3 class="font_8"><strong>Melhores resultados</strong></h3><p class="font_8"><b>2021 </b>&#8211; Ricardo Alves /Tiago Alves &#8211; Vice-Campeões Nacionais</p><p class="font_8"><b>2020 </b>&#8211; Ricardo Alves /Tiago Alves &#8211; Campeões Nacionais</p><p class="font_8"><b>2019 </b>&#8211; Antonio Pereira/João Bolina &#8211; Vice Campeões Nacionais</p><p class="font_8"><b>2018 </b>&#8211; João Bolina/Rafael Rodrigues (CNC) &#8211; Vice Campeões Nacionais </p><p class="font_8">            João Bolina/Rafael Rodrigues (CNC) &#8211; Campeões Nacionais Juniores</p><p class="font_8"><b>2018 </b>&#8211; Francisco Rodrigues/Tiago Alves &#8211; Vice Campeões Nacionais Juniores</p><p class="font_8">            3º Lugar Campeonato Nacional</p><p class="font_8"><b>2017 </b>&#8211; João Bolina/Rafael Rodrigues (CNC) &#8211; Vice Campeões Nacionais </p><p class="font_8"> João Bolina/Rafael Rodrigues (CNC) &#8211; Campeões Nacionais Juniores </p><p class="font_8"> </p><p class="font_8">  Manuel Ramos/Gonçalo Ramos &#8211; 1º lugar Ranking Nacional Absoluto</p><p class="font_8">  Manuel Ramos/Gonçalo Ramos &#8211; 30º lugar Campeonato da Europa Absolutos</p><p class="font_8"> </p><p class="font_8"><b>2016 </b>&#8211; João Bolina/Francisco Rodrigues Rodrigues &#8211; Vice Campeões Nacionais Juniores</p><p class="font_8"> João Bolina/Francisco Rodrigues &#8211; Campeões Nacionais sub17</p><p class="font_8"> </p><p class="font_8"><b>2015 </b>&#8211; Gonçalo Pires (YCP)/Gonçalo Ramos (CVB) &#8211; Vice Campeões de Portugal Absolutos</p><p class="font_8"> </p><p class="font_8"><b>2010 </b>&#8211; Ruben Semedo/Francisco Teixeira &#8211; Vice Campeões Nacionais </p><p class="font_8"> Patricia Costa/Filipa Barros (YCP) &#8211; Campeãs de Portugal de Juniores </p><p class="font_8"> Patricia Costa/Filipa Barros (YCP) &#8211; Vice-Campeãs da Europa de juniores</p><p class="font_8"><b>2009 </b>&#8211; Campeões Nacionais Absolutos</p><p class="font_8">    Campeões Regionais Absolutos </p><p class="font_8">    Vice-Campeãs Nacionais femininas</p><p class="font_8">    Campeãs Regionais juniores femininas </p><p class="font_8">    Vice-Campeões Regionais de juniores</p><p class="font_8"><b>2008</b> &#8211; Duas tripulações apuradas para o Europeu e Mundial</p><p class="font_8">    Duas tripulações com estatuto de Alta Competição;</p><p class="font_8"><b>2007</b> &#8211; Vice-Campeões Nacionais no Portugal de Juniores </p><p class="font_8">   3º lugar no Campeonato Nacional absoluto </p><p class="font_8">   13º lugar no campeonato da Europa absoluto</p><p class="font_8"><b>2005 </b>&#8211; 10º lugar no campeonato da Europa de Juniores 2005; </p><p class="font_8">    11º lugar no campeonato do Mundo absoluto 2005;</p><p class="font_8"><b>2004 </b>&#8211; Vice-campeões Nacionais absolutos 2004; </p><p class="font_8">    Campeões Nacionais de juniores 2004; </p><p class="font_8">    5º lugar no campeonato da Europa de Juniores 2004;</p><p class="font_8"> </p>								</div>
				</div>
					</div>
				</div>
				</div>

<p>Equipa Competição 420 420 &#8211; Equipa Competição&nbsp; Idade: 15 aos 20 anos Valor mensalidade: 70,00 € Ser sócio do Clube 24,00€ (anuidade) isento de joia Seguro/Licença Desportiva (anual): definido pela FPV Melhores resultados 2021 &#8211; Ricardo Alves /Tiago Alves &#8211; Vice-Campeões Nacionais 2020 &#8211; Ricardo Alves /Tiago Alves &#8211; Campeões Nacionais 2019 &#8211; Antonio Pereira/João Bolina &#8211; Vice Campeões Nacionais 2018 &#8211; João Bolina/Rafael Rodrigues (CNC) &#8211; Vice Campeões Nacionais              João Bolina/Rafael Rodrigues (CNC) &#8211; Campeões Nacionais Juniores 2018 &#8211; Francisco Rodrigues/Tiago Alves &#8211; Vice Campeões Nacionais Juniores             3º Lugar Campeonato Nacional 2017 &#8211; João Bolina/Rafael Rodrigues (CNC) &#8211; Vice Campeões Nacionais   João Bolina/Rafael Rodrigues (CNC) &#8211; Campeões Nacionais Juniores      Manuel Ramos/Gonçalo Ramos &#8211; 1º lugar Ranking Nacional Absoluto   Manuel Ramos/Gonçalo Ramos &#8211; 30º lugar Campeonato da Europa Absolutos   2016 &#8211; João Bolina/Francisco Rodrigues Rodrigues &#8211; Vice Campeões Nacionais Juniores  João Bolina/Francisco Rodrigues &#8211; Campeões Nacionais sub17   2015 &#8211; Gonçalo Pires (YCP)/Gonçalo Ramos (CVB) &#8211; Vice Campeões de Portugal Absolutos   2010 &#8211; Ruben Semedo/Francisco Teixeira &#8211; Vice Campeões Nacionais   Patricia Costa/Filipa Barros (YCP) &#8211; Campeãs de Portugal de Juniores   Patricia Costa/Filipa Barros (YCP) &#8211; Vice-Campeãs da Europa de juniores 2009 &#8211; Campeões Nacionais Absolutos     Campeões Regionais Absolutos      Vice-Campeãs Nacionais femininas     Campeãs Regionais juniores femininas      Vice-Campeões Regionais de juniores 2008 &#8211; Duas tripulações apuradas para o Europeu e Mundial     Duas tripulações com estatuto de Alta Competição; 2007 &#8211; Vice-Campeões Nacionais no Portugal de Juniores     3º lugar no Campeonato Nacional absoluto     13º lugar no campeonato da Europa absoluto 2005 &#8211; 10º lugar no campeonato da Europa de Juniores 2005;      11º lugar no campeonato do Mundo absoluto 2005; 2004 &#8211; Vice-campeões Nacionais absolutos 2004;      Campeões Nacionais de juniores 2004;      5º lugar no campeonato da Europa de Juniores 2004;  </p>
